{"id":409,"date":"2025-06-14T13:39:55","date_gmt":"2025-06-14T11:39:55","guid":{"rendered":"https:\/\/aesaromatherapie.fr\/?page_id=409"},"modified":"2025-06-14T14:32:52","modified_gmt":"2025-06-14T12:32:52","slug":"naturopathie-et-he","status":"publish","type":"page","link":"https:\/\/aesaromatherapie.fr\/?page_id=409","title":{"rendered":"Naturopathie et HE"},"content":{"rendered":"\t\t<div data-elementor-type=\"wp-page\" data-elementor-id=\"409\" class=\"elementor elementor-409\">\n\t\t\t\t<div class=\"elementor-element elementor-element-7ab25527 e-flex e-con-boxed e-con e-parent\" data-id=\"7ab25527\" data-element_type=\"container\">\n\t\t\t\t\t<div class=\"e-con-inner\">\n\t\t\t\t<div class=\"elementor-element elementor-element-378177d2 elementor-widget elementor-widget-image\" data-id=\"378177d2\" data-element_type=\"widget\" data-widget_type=\"image.default\">\n\t\t\t\t<div class=\"elementor-widget-container\">\n\t\t\t\t\t\t\t\t\t\t\t\t\t\t\t<img fetchpriority=\"high\" decoding=\"async\" width=\"2000\" height=\"800\" src=\"https:\/\/aesaromatherapie.fr\/wp-content\/uploads\/2025\/06\/Espace-Armonia.png\" class=\"attachment-2048x2048 size-2048x2048 wp-image-429\" alt=\"\" srcset=\"https:\/\/aesaromatherapie.fr\/wp-content\/uploads\/2025\/06\/Espace-Armonia.png 2000w, https:\/\/aesaromatherapie.fr\/wp-content\/uploads\/2025\/06\/Espace-Armonia-300x120.png 300w, https:\/\/aesaromatherapie.fr\/wp-content\/uploads\/2025\/06\/Espace-Armonia-1024x410.png 1024w, https:\/\/aesaromatherapie.fr\/wp-content\/uploads\/2025\/06\/Espace-Armonia-768x307.png 768w, https:\/\/aesaromatherapie.fr\/wp-content\/uploads\/2025\/06\/Espace-Armonia-1536x614.png 1536w\" sizes=\"(max-width: 2000px) 100vw, 2000px\" \/>\t\t\t\t\t\t\t\t\t\t\t\t\t\t\t<\/div>\n\t\t\t\t<\/div>\n\t\t\t\t\t<\/div>\n\t\t\t\t<\/div>\n\t\t<div class=\"elementor-element elementor-element-bcf67a4 e-flex e-con-boxed e-con e-parent\" data-id=\"bcf67a4\" data-element_type=\"container\">\n\t\t\t\t\t<div class=\"e-con-inner\">\n\t\t<div class=\"elementor-element elementor-element-a8a8d6f e-con-full e-flex e-con e-child\" data-id=\"a8a8d6f\" data-element_type=\"container\">\n\t\t\t\t<div class=\"elementor-element elementor-element-de1a3a9 elementor-widget elementor-widget-video\" data-id=\"de1a3a9\" data-element_type=\"widget\" data-settings=\"{&quot;youtube_url&quot;:&quot;https:\\\/\\\/youtu.be\\\/XPkxK3JqG_U&quot;,&quot;video_type&quot;:&quot;youtube&quot;,&quot;controls&quot;:&quot;yes&quot;}\" data-widget_type=\"video.default\">\n\t\t\t\t<div class=\"elementor-widget-container\">\n\t\t\t\t\t\t\t<div class=\"elementor-wrapper elementor-open-inline\">\n\t\t\t<div class=\"elementor-video\"><\/div>\t\t<\/div>\n\t\t\t\t\t\t<\/div>\n\t\t\t\t<\/div>\n\t\t\t\t<\/div>\n\t\t<div class=\"elementor-element elementor-element-ed7e1df e-con-full e-flex e-con e-child\" data-id=\"ed7e1df\" data-element_type=\"container\">\n\t\t\t\t<div class=\"elementor-element elementor-element-e1505f4 elementor-widget elementor-widget-text-editor\" data-id=\"e1505f4\" data-element_type=\"widget\" data-widget_type=\"text-editor.default\">\n\t\t\t\t<div class=\"elementor-widget-container\">\n\t\t\t\t\t\t\t\t\t<p data-start=\"291\" data-end=\"392\">\u00a0<\/p><p data-start=\"291\" data-end=\"392\"><strong data-start=\"291\" data-end=\"392\">Bienvenue dans un espace en cr\u00e9ation, d\u00e9di\u00e9 \u00e0 la vitalit\u00e9, \u00e0 la conscience et \u00e0 la joie de vivre.<\/strong><\/p><p data-start=\"394\" data-end=\"658\">Avec Thierry Garnier, naturopathe passionn\u00e9, nous avons uni nos univers pour vous proposer une s\u00e9rie de contenus autour de la <strong data-start=\"528\" data-end=\"547\">sant\u00e9 naturelle<\/strong>, de la <strong data-start=\"555\" data-end=\"574\">cuisine vivante<\/strong>, et de l\u2019utilisation des <strong data-start=\"600\" data-end=\"636\">huiles essentielles Young Living<\/strong> dans votre quotidien.<\/p>\t\t\t\t\t\t\t\t<\/div>\n\t\t\t\t<\/div>\n\t\t\t\t<\/div>\n\t\t\t\t\t<\/div>\n\t\t\t\t<\/div>\n\t\t<div class=\"elementor-element elementor-element-5f08de42 e-flex e-con-boxed e-con e-parent\" data-id=\"5f08de42\" data-element_type=\"container\">\n\t\t\t\t\t<div class=\"e-con-inner\">\n\t\t\t\t<div class=\"elementor-element elementor-element-32d1330c elementor-widget-divider--view-line elementor-widget elementor-widget-divider\" data-id=\"32d1330c\" data-element_type=\"widget\" data-widget_type=\"divider.default\">\n\t\t\t\t<div class=\"elementor-widget-container\">\n\t\t\t\t\t\t\t<div class=\"elementor-divider\">\n\t\t\t<span class=\"elementor-divider-separator\">\n\t\t\t\t\t\t<\/span>\n\t\t<\/div>\n\t\t\t\t\t\t<\/div>\n\t\t\t\t<\/div>\n\t\t\t\t\t<\/div>\n\t\t\t\t<\/div>\n\t\t<div class=\"elementor-element elementor-element-394f130d e-flex e-con-boxed e-con e-parent\" data-id=\"394f130d\" data-element_type=\"container\">\n\t\t\t\t\t<div class=\"e-con-inner\">\n\t\t<div class=\"elementor-element elementor-element-3074b1a7 e-con-full e-flex e-con e-child\" data-id=\"3074b1a7\" data-element_type=\"container\">\n\t\t\t\t<div class=\"elementor-element elementor-element-7912163b elementor-widget elementor-widget-heading\" data-id=\"7912163b\" data-element_type=\"widget\" data-widget_type=\"heading.default\">\n\t\t\t\t<div class=\"elementor-widget-container\">\n\t\t\t\t\t<h2 class=\"elementor-heading-title elementor-size-default\">Pourquoi ce projet ?<\/h2>\t\t\t\t<\/div>\n\t\t\t\t<\/div>\n\t\t\t\t<\/div>\n\t\t\t\t\t<\/div>\n\t\t\t\t<\/div>\n\t\t<div class=\"elementor-element elementor-element-4674d2 e-flex e-con-boxed e-con e-parent\" data-id=\"4674d2\" data-element_type=\"container\">\n\t\t\t\t\t<div class=\"e-con-inner\">\n\t\t<div class=\"elementor-element elementor-element-650f91b7 e-con-full e-flex e-con e-child\" data-id=\"650f91b7\" data-element_type=\"container\">\n\t\t\t\t<div class=\"elementor-element elementor-element-47f8ca6e elementor-widget elementor-widget-text-editor\" data-id=\"47f8ca6e\" data-element_type=\"widget\" data-widget_type=\"text-editor.default\">\n\t\t\t\t<div class=\"elementor-widget-container\">\n\t\t\t\t\t\t\t\t\t<p data-start=\"1187\" data-end=\"1445\">Parce que nous croyons en une sant\u00e9 globale, vivante, vibratoire.<br data-start=\"1252\" data-end=\"1255\" \/>Parce que les huiles essentielles sont <strong data-start=\"1294\" data-end=\"1369\">des ponts puissants entre le corps, l\u2019\u00e9motion, l\u2019intuition et l\u2019\u00e9nergie<\/strong>.<br data-start=\"1370\" data-end=\"1373\" \/>Et parce que partager ces connaissances avec vous nous semble essentiel.<\/p><p data-start=\"1447\" data-end=\"1612\">Nous avons \u00e0 c\u0153ur de vous transmettre avec <strong data-start=\"1490\" data-end=\"1536\">authenticit\u00e9, douceur et professionnalisme<\/strong>, dans un format simple, accessible et profond\u00e9ment align\u00e9 avec nos valeurs.<\/p>\t\t\t\t\t\t\t\t<\/div>\n\t\t\t\t<\/div>\n\t\t\t\t<\/div>\n\t\t\t\t\t<\/div>\n\t\t\t\t<\/div>\n\t\t<div class=\"elementor-element elementor-element-11d8e1b7 e-flex e-con-boxed e-con e-parent\" data-id=\"11d8e1b7\" data-element_type=\"container\">\n\t\t\t\t\t<div class=\"e-con-inner\">\n\t\t\t\t<div class=\"elementor-element elementor-element-19da6e1 elementor-widget-divider--view-line elementor-widget elementor-widget-divider\" data-id=\"19da6e1\" data-element_type=\"widget\" data-widget_type=\"divider.default\">\n\t\t\t\t<div class=\"elementor-widget-container\">\n\t\t\t\t\t\t\t<div class=\"elementor-divider\">\n\t\t\t<span class=\"elementor-divider-separator\">\n\t\t\t\t\t\t<\/span>\n\t\t<\/div>\n\t\t\t\t\t\t<\/div>\n\t\t\t\t<\/div>\n\t\t\t\t\t<\/div>\n\t\t\t\t<\/div>\n\t\t<div class=\"elementor-element elementor-element-1c40f127 e-flex e-con-boxed e-con e-parent\" data-id=\"1c40f127\" data-element_type=\"container\">\n\t\t\t\t\t<div class=\"e-con-inner\">\n\t\t<div class=\"elementor-element elementor-element-fe569eb e-con-full e-flex e-con e-child\" data-id=\"fe569eb\" data-element_type=\"container\">\n\t\t\t\t<div class=\"elementor-element elementor-element-3133e510 elementor-widget elementor-widget-heading\" data-id=\"3133e510\" data-element_type=\"widget\" data-widget_type=\"heading.default\">\n\t\t\t\t<div class=\"elementor-widget-container\">\n\t\t\t\t\t<h2 class=\"elementor-heading-title elementor-size-default\">Pourquoi allier naturopathie et huiles essentielles ?<\/h2>\t\t\t\t<\/div>\n\t\t\t\t<\/div>\n\t\t\t\t<\/div>\n\t\t\t\t\t<\/div>\n\t\t\t\t<\/div>\n\t\t<div class=\"elementor-element elementor-element-63305bdc e-flex e-con-boxed e-con e-parent\" data-id=\"63305bdc\" data-element_type=\"container\">\n\t\t\t\t\t<div class=\"e-con-inner\">\n\t\t<div class=\"elementor-element elementor-element-543bdb02 e-con-full e-flex e-con e-child\" data-id=\"543bdb02\" data-element_type=\"container\">\n\t\t\t\t<div class=\"elementor-element elementor-element-78a05b06 elementor-widget elementor-widget-text-editor\" data-id=\"78a05b06\" data-element_type=\"widget\" data-widget_type=\"text-editor.default\">\n\t\t\t\t<div class=\"elementor-widget-container\">\n\t\t\t\t\t\t\t\t\t<p data-start=\"319\" data-end=\"641\">La <strong data-start=\"322\" data-end=\"338\">naturopathie<\/strong> repose sur une vision globale de l\u2019\u00eatre humain : elle consid\u00e8re le corps, l\u2019\u00e9motion, l\u2019esprit, l\u2019environnement comme un tout interconnect\u00e9. Elle propose des solutions naturelles pour soutenir la vitalit\u00e9, pr\u00e9venir les d\u00e9s\u00e9quilibres et accompagner le corps dans ses fonctions naturelles d\u2019auto-gu\u00e9rison.<\/p><p data-start=\"643\" data-end=\"1103\">De son c\u00f4t\u00e9, <strong data-start=\"656\" data-end=\"675\">l\u2019aromath\u00e9rapie<\/strong> \u2014 et particuli\u00e8rement l\u2019utilisation des <strong data-start=\"716\" data-end=\"785\">huiles essentielles de haute qualit\u00e9 comme celles de Young Living<\/strong> \u2014 vient enrichir cette approche en agissant \u00e0 plusieurs niveaux :<br data-start=\"851\" data-end=\"854\" \/>\ud83d\udca7 <strong data-start=\"857\" data-end=\"869\">Physique<\/strong> : soutien digestif, immunitaire, articulaire, respiratoire\u2026<br data-start=\"929\" data-end=\"932\" \/>\ud83d\udca7 <strong data-start=\"935\" data-end=\"949\">\u00c9motionnel<\/strong> : lib\u00e9ration de stress, ancrage, r\u00e9gulation de l\u2019humeur<br data-start=\"1005\" data-end=\"1008\" \/>\ud83d\udca7 <strong data-start=\"1011\" data-end=\"1026\">\u00c9nerg\u00e9tique<\/strong> : r\u00e9\u00e9quilibrage des centres, reconnexion \u00e0 l\u2019intuition, \u00e9l\u00e9vation vibratoire<\/p>\t\t\t\t\t\t\t\t<\/div>\n\t\t\t\t<\/div>\n\t\t\t\t<\/div>\n\t\t\t\t\t<\/div>\n\t\t\t\t<\/div>\n\t\t<div class=\"elementor-element elementor-element-3d64a51c e-flex e-con-boxed e-con e-parent\" data-id=\"3d64a51c\" data-element_type=\"container\">\n\t\t\t\t\t<div class=\"e-con-inner\">\n\t\t\t\t<div class=\"elementor-element elementor-element-241dec68 elementor-widget-divider--view-line elementor-widget elementor-widget-divider\" data-id=\"241dec68\" data-element_type=\"widget\" data-widget_type=\"divider.default\">\n\t\t\t\t<div class=\"elementor-widget-container\">\n\t\t\t\t\t\t\t<div class=\"elementor-divider\">\n\t\t\t<span class=\"elementor-divider-separator\">\n\t\t\t\t\t\t<\/span>\n\t\t<\/div>\n\t\t\t\t\t\t<\/div>\n\t\t\t\t<\/div>\n\t\t\t\t\t<\/div>\n\t\t\t\t<\/div>\n\t\t<div class=\"elementor-element elementor-element-3268bd2e e-flex e-con-boxed e-con e-parent\" data-id=\"3268bd2e\" data-element_type=\"container\">\n\t\t\t\t\t<div class=\"e-con-inner\">\n\t\t<div class=\"elementor-element elementor-element-710816a4 e-con-full e-flex e-con e-child\" data-id=\"710816a4\" data-element_type=\"container\">\n\t\t\t\t<div class=\"elementor-element elementor-element-123e053d elementor-widget elementor-widget-heading\" data-id=\"123e053d\" data-element_type=\"widget\" data-widget_type=\"heading.default\">\n\t\t\t\t<div class=\"elementor-widget-container\">\n\t\t\t\t\t<h2 class=\"elementor-heading-title elementor-size-default\">Ce que nous allons partager ensemble<\/h2>\t\t\t\t<\/div>\n\t\t\t\t<\/div>\n\t\t\t\t<\/div>\n\t\t\t\t\t<\/div>\n\t\t\t\t<\/div>\n\t\t<div class=\"elementor-element elementor-element-236244e8 e-flex e-con-boxed e-con e-parent\" data-id=\"236244e8\" data-element_type=\"container\">\n\t\t\t\t\t<div class=\"e-con-inner\">\n\t\t<div class=\"elementor-element elementor-element-7c143e29 e-con-full e-flex e-con e-child\" data-id=\"7c143e29\" data-element_type=\"container\">\n\t\t\t\t<div class=\"elementor-element elementor-element-3990147c elementor-widget elementor-widget-text-editor\" data-id=\"3990147c\" data-element_type=\"widget\" data-widget_type=\"text-editor.default\">\n\t\t\t\t<div class=\"elementor-widget-container\">\n\t\t\t\t\t\t\t\t\t<p data-start=\"1540\" data-end=\"1587\">\u00c0 travers nos vid\u00e9os, nous vous transmettrons :<\/p><ul data-start=\"1588\" data-end=\"1850\"><li data-start=\"1588\" data-end=\"1655\"><p data-start=\"1590\" data-end=\"1655\">Des conseils pratiques &amp; naturels pour mieux vivre au quotidien<\/p><\/li><li data-start=\"1656\" data-end=\"1729\"><p data-start=\"1658\" data-end=\"1729\">Des recettes simples pour int\u00e9grer les huiles dans votre alimentation<\/p><\/li><li data-start=\"1730\" data-end=\"1850\"><p data-start=\"1732\" data-end=\"1850\">Des \u00e9clairages sur le corps, les \u00e9motions, les saisons\u2026 et sur comment les huiles peuvent soutenir ce mouvement de vie<\/p><\/li><\/ul>\t\t\t\t\t\t\t\t<\/div>\n\t\t\t\t<\/div>\n\t\t\t\t<\/div>\n\t\t\t\t\t<\/div>\n\t\t\t\t<\/div>\n\t\t<div class=\"elementor-element elementor-element-ade38b4 e-flex e-con-boxed e-con e-parent\" data-id=\"ade38b4\" data-element_type=\"container\">\n\t\t\t\t\t<div class=\"e-con-inner\">\n\t\t\t\t<div class=\"elementor-element elementor-element-c1d0b8d elementor-widget-divider--view-line elementor-widget elementor-widget-divider\" data-id=\"c1d0b8d\" data-element_type=\"widget\" data-widget_type=\"divider.default\">\n\t\t\t\t<div class=\"elementor-widget-container\">\n\t\t\t\t\t\t\t<div class=\"elementor-divider\">\n\t\t\t<span class=\"elementor-divider-separator\">\n\t\t\t\t\t\t<\/span>\n\t\t<\/div>\n\t\t\t\t\t\t<\/div>\n\t\t\t\t<\/div>\n\t\t\t\t\t<\/div>\n\t\t\t\t<\/div>\n\t\t<div class=\"elementor-element elementor-element-80c940d e-flex e-con-boxed e-con e-parent\" data-id=\"80c940d\" data-element_type=\"container\">\n\t\t\t\t\t<div class=\"e-con-inner\">\n\t\t\t\t<div class=\"elementor-element elementor-element-08e282a elementor-widget elementor-widget-heading\" data-id=\"08e282a\" data-element_type=\"widget\" data-widget_type=\"heading.default\">\n\t\t\t\t<div class=\"elementor-widget-container\">\n\t\t\t\t\t<h2 class=\"elementor-heading-title elementor-size-default\">Si vous souhaitez \u00eatre inform\u00e9<\/h2>\t\t\t\t<\/div>\n\t\t\t\t<\/div>\n\t\t\t\t\t<\/div>\n\t\t\t\t<\/div>\n\t\t<div class=\"elementor-element elementor-element-5b074b3 e-flex e-con-boxed e-con e-parent\" data-id=\"5b074b3\" data-element_type=\"container\">\n\t\t\t\t\t<div class=\"e-con-inner\">\n\t\t\t\t<div class=\"elementor-element elementor-element-eeab29c elementor-widget elementor-widget-text-editor\" data-id=\"eeab29c\" data-element_type=\"widget\" data-widget_type=\"text-editor.default\">\n\t\t\t\t<div class=\"elementor-widget-container\">\n\t\t\t\t\t\t\t\t\t<p>Ce projet est n\u00e9 d\u2019une conviction :<br data-start=\"1894\" data-end=\"1897\" \/>Que la connaissance et la vibration doivent marcher ensemble.<br data-start=\"1958\" data-end=\"1961\" \/>Que le bien-\u00eatre est un art vivant, qui commence par des choix simples, \u00e9clair\u00e9s, et align\u00e9s.<\/p><p>Pensez \u00e0 vous abonner \u00e0 la chaine Youtube AESAromath\u00e9rapie pour \u00eatre averti de la mise en ligne de nos vid\u00e9os<\/p><h2><b>\u2b07\ufe0f<\/b><\/h2>\t\t\t\t\t\t\t\t<\/div>\n\t\t\t\t<\/div>\n\t\t\t\t\t<\/div>\n\t\t\t\t<\/div>\n\t\t<div class=\"elementor-element elementor-element-b5ff981 e-flex e-con-boxed e-con e-parent\" data-id=\"b5ff981\" data-element_type=\"container\">\n\t\t\t\t\t<div class=\"e-con-inner\">\n\t\t\t\t<div class=\"elementor-element elementor-element-1ca5108 elementor-align-center elementor-widget elementor-widget-button\" data-id=\"1ca5108\" data-element_type=\"widget\" data-widget_type=\"button.default\">\n\t\t\t\t<div class=\"elementor-widget-container\">\n\t\t\t\t\t\t\t\t\t<div class=\"elementor-button-wrapper\">\n\t\t\t\t\t<a class=\"elementor-button elementor-button-link elementor-size-sm\" href=\"https:\/\/www.youtube.com\/@AESAromatherapie\">\n\t\t\t\t\t\t<span class=\"elementor-button-content-wrapper\">\n\t\t\t\t\t\t\t\t\t<span class=\"elementor-button-text\">YOUTUBE<\/span>\n\t\t\t\t\t<\/span>\n\t\t\t\t\t<\/a>\n\t\t\t\t<\/div>\n\t\t\t\t\t\t\t\t<\/div>\n\t\t\t\t<\/div>\n\t\t\t\t\t<\/div>\n\t\t\t\t<\/div>\n\t\t<div class=\"elementor-element elementor-element-618bf27 e-flex e-con-boxed e-con e-parent\" data-id=\"618bf27\" data-element_type=\"container\">\n\t\t\t\t\t<div class=\"e-con-inner\">\n\t\t\t\t<div class=\"elementor-element elementor-element-528bee4 elementor-widget-divider--view-line elementor-widget elementor-widget-divider\" data-id=\"528bee4\" data-element_type=\"widget\" data-widget_type=\"divider.default\">\n\t\t\t\t<div class=\"elementor-widget-container\">\n\t\t\t\t\t\t\t<div class=\"elementor-divider\">\n\t\t\t<span class=\"elementor-divider-separator\">\n\t\t\t\t\t\t<\/span>\n\t\t<\/div>\n\t\t\t\t\t\t<\/div>\n\t\t\t\t<\/div>\n\t\t\t\t\t<\/div>\n\t\t\t\t<\/div>\n\t\t<div class=\"elementor-element elementor-element-8d2689c e-flex e-con-boxed e-con e-parent\" data-id=\"8d2689c\" data-element_type=\"container\" data-settings=\"{&quot;background_background&quot;:&quot;gradient&quot;}\">\n\t\t\t\t\t<div class=\"e-con-inner\">\n\t\t<div class=\"elementor-element elementor-element-21e28e58 e-con-full e-flex e-con e-child\" data-id=\"21e28e58\" data-element_type=\"container\">\n\t\t<div class=\"elementor-element elementor-element-647ce08b e-con-full e-flex e-con e-child\" data-id=\"647ce08b\" data-element_type=\"container\">\n\t\t\t\t<div class=\"elementor-element elementor-element-290e95fe elementor-widget elementor-widget-text-editor\" data-id=\"290e95fe\" data-element_type=\"widget\" data-widget_type=\"text-editor.default\">\n\t\t\t\t<div class=\"elementor-widget-container\">\n\t\t\t\t\t\t\t\t\t<p><img decoding=\"async\" class=\"alignnone size-medium wp-image-27\" src=\"https:\/\/aesaromatherapie.fr\/wp-content\/uploads\/2024\/11\/SeedtoSeal_Logo_Black_2021-274x300.png\" alt=\"\" width=\"274\" height=\"300\" srcset=\"https:\/\/aesaromatherapie.fr\/wp-content\/uploads\/2024\/11\/SeedtoSeal_Logo_Black_2021-274x300.png 274w, https:\/\/aesaromatherapie.fr\/wp-content\/uploads\/2024\/11\/SeedtoSeal_Logo_Black_2021-937x1024.png 937w, https:\/\/aesaromatherapie.fr\/wp-content\/uploads\/2024\/11\/SeedtoSeal_Logo_Black_2021-768x840.png 768w, https:\/\/aesaromatherapie.fr\/wp-content\/uploads\/2024\/11\/SeedtoSeal_Logo_Black_2021-1405x1536.png 1405w, https:\/\/aesaromatherapie.fr\/wp-content\/uploads\/2024\/11\/SeedtoSeal_Logo_Black_2021.png 1618w\" sizes=\"(max-width: 274px) 100vw, 274px\" \/><\/p>\t\t\t\t\t\t\t\t<\/div>\n\t\t\t\t<\/div>\n\t\t\t\t<\/div>\n\t\t\t\t<\/div>\n\t\t<div class=\"elementor-element elementor-element-27631042 e-con-full e-flex e-con e-child\" data-id=\"27631042\" data-element_type=\"container\">\n\t\t<div class=\"elementor-element elementor-element-1124fc28 e-con-full e-flex e-con e-child\" data-id=\"1124fc28\" data-element_type=\"container\">\n\t\t\t\t<div class=\"elementor-element elementor-element-2e860dd8 elementor-widget elementor-widget-text-editor\" data-id=\"2e860dd8\" data-element_type=\"widget\" data-widget_type=\"text-editor.default\">\n\t\t\t\t<div class=\"elementor-widget-container\">\n\t\t\t\t\t\t\t\t\t<h4>\u00a0<\/h4><h4>Les odeurs comme les sons musicaux, sont de rares sublimateurs de l&rsquo;essence de la m\u00e9moire<\/h4><h6>\u00a0<\/h6><h4><em>Georges du Maurier<\/em><\/h4>\t\t\t\t\t\t\t\t<\/div>\n\t\t\t\t<\/div>\n\t\t\t\t<\/div>\n\t\t\t\t<\/div>\n\t\t<div class=\"elementor-element elementor-element-56dac589 e-con-full e-flex e-con e-child\" data-id=\"56dac589\" data-element_type=\"container\">\n\t\t<div class=\"elementor-element elementor-element-5ade9a6f e-con-full e-flex e-con e-child\" data-id=\"5ade9a6f\" data-element_type=\"container\">\n\t\t\t\t<div class=\"elementor-element elementor-element-688f53dd elementor-widget elementor-widget-text-editor\" data-id=\"688f53dd\" data-element_type=\"widget\" data-widget_type=\"text-editor.default\">\n\t\t\t\t<div class=\"elementor-widget-container\">\n\t\t\t\t\t\t\t\t\t<p><span style=\"text-decoration: underline;\"><strong>Pour me contacter<\/strong><\/span> :\u00a0<\/p><p><span style=\"text-decoration: underline;\">Whatsapp<\/span> : +33 6 49 37 70 83<\/p><p><span style=\"text-decoration: underline;\">Mail<\/span> : contact@aesaromatherapie.fr<\/p>\t\t\t\t\t\t\t\t<\/div>\n\t\t\t\t<\/div>\n\t\t\t\t<\/div>\n\t\t\t\t<\/div>\n\t\t\t\t\t<\/div>\n\t\t\t\t<\/div>\n\t\t\t\t<\/div>\n\t\t","protected":false},"excerpt":{"rendered":"<p>https:\/\/youtu.be\/XPkxK3JqG_U \u00a0 Bienvenue dans un espace en cr\u00e9ation, d\u00e9di\u00e9 \u00e0 la vitalit\u00e9, \u00e0 la conscience et \u00e0 la joie de [&hellip;]<\/p>\n","protected":false},"author":1,"featured_media":0,"parent":0,"menu_order":0,"comment_status":"closed","ping_status":"closed","template":"","meta":{"site-sidebar-layout":"no-sidebar","site-content-layout":"","ast-site-content-layout":"full-width-container","site-content-style":"default","site-sidebar-style":"default","ast-global-header-display":"","ast-banner-title-visibility":"","ast-main-header-display":"","ast-hfb-above-header-display":"","ast-hfb-below-header-display":"","ast-hfb-mobile-header-display":"","site-post-title":"disabled","ast-breadcrumbs-content":"","ast-featured-img":"disabled","footer-sml-layout":"","theme-transparent-header-meta":"","adv-header-id-meta":"","stick-header-meta":"","header-above-stick-meta":"","header-main-stick-meta":"","header-below-stick-meta":"","astra-migrate-meta-layouts":"default","ast-page-background-enabled":"default","ast-page-background-meta":{"desktop":{"background-color":"var(--ast-global-color-4)","background-image":"","background-repeat":"repeat","background-position":"center center","background-size":"auto","background-attachment":"scroll","background-type":"","background-media":"","overlay-type":"","overlay-color":"","overlay-opacity":"","overlay-gradient":""},"tablet":{"background-color":"","background-image":"","background-repeat":"repeat","background-position":"center center","background-size":"auto","background-attachment":"scroll","background-type":"","background-media":"","overlay-type":"","overlay-color":"","overlay-opacity":"","overlay-gradient":""},"mobile":{"background-color":"","background-image":"","background-repeat":"repeat","background-position":"center center","background-size":"auto","background-attachment":"scroll","background-type":"","background-media":"","overlay-type":"","overlay-color":"","overlay-opacity":"","overlay-gradient":""}},"ast-content-background-meta":{"desktop":{"background-color":"var(--ast-global-color-5)","background-image":"","background-repeat":"repeat","background-position":"center center","background-size":"auto","background-attachment":"scroll","background-type":"","background-media":"","overlay-type":"","overlay-color":"","overlay-opacity":"","overlay-gradient":""},"tablet":{"background-color":"var(--ast-global-color-5)","background-image":"","background-repeat":"repeat","background-position":"center center","background-size":"auto","background-attachment":"scroll","background-type":"","background-media":"","overlay-type":"","overlay-color":"","overlay-opacity":"","overlay-gradient":""},"mobile":{"background-color":"var(--ast-global-color-5)","background-image":"","background-repeat":"repeat","background-position":"center center","background-size":"auto","background-attachment":"scroll","background-type":"","background-media":"","overlay-type":"","overlay-color":"","overlay-opacity":"","overlay-gradient":""}},"footnotes":""},"class_list":["post-409","page","type-page","status-publish","hentry"],"_links":{"self":[{"href":"https:\/\/aesaromatherapie.fr\/index.php?rest_route=\/wp\/v2\/pages\/409","targetHints":{"allow":["GET"]}}],"collection":[{"href":"https:\/\/aesaromatherapie.fr\/index.php?rest_route=\/wp\/v2\/pages"}],"about":[{"href":"https:\/\/aesaromatherapie.fr\/index.php?rest_route=\/wp\/v2\/types\/page"}],"author":[{"embeddable":true,"href":"https:\/\/aesaromatherapie.fr\/index.php?rest_route=\/wp\/v2\/users\/1"}],"replies":[{"embeddable":true,"href":"https:\/\/aesaromatherapie.fr\/index.php?rest_route=%2Fwp%2Fv2%2Fcomments&post=409"}],"version-history":[{"count":13,"href":"https:\/\/aesaromatherapie.fr\/index.php?rest_route=\/wp\/v2\/pages\/409\/revisions"}],"predecessor-version":[{"id":432,"href":"https:\/\/aesaromatherapie.fr\/index.php?rest_route=\/wp\/v2\/pages\/409\/revisions\/432"}],"wp:attachment":[{"href":"https:\/\/aesaromatherapie.fr\/index.php?rest_route=%2Fwp%2Fv2%2Fmedia&parent=409"}],"curies":[{"name":"wp","href":"https:\/\/api.w.org\/{rel}","templated":true}]}}