{"id":28,"date":"2024-11-24T15:52:31","date_gmt":"2024-11-24T14:52:31","guid":{"rendered":"https:\/\/aesaromatherapie.fr\/?page_id=28"},"modified":"2025-06-03T13:21:30","modified_gmt":"2025-06-03T11:21:30","slug":"formation-aromatherapie","status":"publish","type":"page","link":"https:\/\/aesaromatherapie.fr\/?page_id=28","title":{"rendered":"Formation"},"content":{"rendered":"\t\t<div data-elementor-type=\"wp-page\" data-elementor-id=\"28\" class=\"elementor elementor-28\">\n\t\t\t\t<div class=\"elementor-element elementor-element-4c6c8a12 e-flex e-con-boxed e-con e-parent\" data-id=\"4c6c8a12\" data-element_type=\"container\">\n\t\t\t\t\t<div class=\"e-con-inner\">\n\t\t\t\t<div class=\"elementor-element elementor-element-2bda551a elementor-widget__width-initial elementor-widget elementor-widget-image\" data-id=\"2bda551a\" data-element_type=\"widget\" data-widget_type=\"image.default\">\n\t\t\t\t<div class=\"elementor-widget-container\">\n\t\t\t\t\t\t\t\t\t\t\t\t\t\t\t<img fetchpriority=\"high\" decoding=\"async\" width=\"2000\" height=\"800\" src=\"https:\/\/aesaromatherapie.fr\/wp-content\/uploads\/2025\/06\/Formation-elearning-1.png\" class=\"attachment-full size-full wp-image-395\" alt=\"\" srcset=\"https:\/\/aesaromatherapie.fr\/wp-content\/uploads\/2025\/06\/Formation-elearning-1.png 2000w, https:\/\/aesaromatherapie.fr\/wp-content\/uploads\/2025\/06\/Formation-elearning-1-300x120.png 300w, https:\/\/aesaromatherapie.fr\/wp-content\/uploads\/2025\/06\/Formation-elearning-1-1024x410.png 1024w, https:\/\/aesaromatherapie.fr\/wp-content\/uploads\/2025\/06\/Formation-elearning-1-768x307.png 768w, https:\/\/aesaromatherapie.fr\/wp-content\/uploads\/2025\/06\/Formation-elearning-1-1536x614.png 1536w\" sizes=\"(max-width: 2000px) 100vw, 2000px\" \/>\t\t\t\t\t\t\t\t\t\t\t\t\t\t\t<\/div>\n\t\t\t\t<\/div>\n\t\t\t\t\t<\/div>\n\t\t\t\t<\/div>\n\t\t<div class=\"elementor-element elementor-element-1d89f708 e-flex e-con-boxed e-con e-parent\" data-id=\"1d89f708\" data-element_type=\"container\">\n\t\t\t\t\t<div class=\"e-con-inner\">\n\t\t<div class=\"elementor-element elementor-element-2adf6da2 e-con-full e-flex e-con e-child\" data-id=\"2adf6da2\" data-element_type=\"container\">\n\t\t\t\t<div class=\"elementor-element elementor-element-124acb1 elementor-widget elementor-widget-text-editor\" data-id=\"124acb1\" data-element_type=\"widget\" data-widget_type=\"text-editor.default\">\n\t\t\t\t<div class=\"elementor-widget-container\">\n\t\t\t\t\t\t\t\t\t<h5>Plongez dans le monde fascinant de l\u2019aromath\u00e9rapie et d\u00e9couvrez comment utiliser les huiles essentielles pour transformer votre bien-\u00eatre<\/h5>\t\t\t\t\t\t\t\t<\/div>\n\t\t\t\t<\/div>\n\t\t\t\t<\/div>\n\t\t\t\t\t<\/div>\n\t\t\t\t<\/div>\n\t\t<div class=\"elementor-element elementor-element-3183d3c5 e-flex e-con-boxed e-con e-parent\" data-id=\"3183d3c5\" data-element_type=\"container\">\n\t\t\t\t\t<div class=\"e-con-inner\">\n\t\t\t\t<div class=\"elementor-element elementor-element-3abba1ed elementor-widget-divider--view-line elementor-widget elementor-widget-divider\" data-id=\"3abba1ed\" data-element_type=\"widget\" data-widget_type=\"divider.default\">\n\t\t\t\t<div class=\"elementor-widget-container\">\n\t\t\t\t\t\t\t<div class=\"elementor-divider\">\n\t\t\t<span class=\"elementor-divider-separator\">\n\t\t\t\t\t\t<\/span>\n\t\t<\/div>\n\t\t\t\t\t\t<\/div>\n\t\t\t\t<\/div>\n\t\t\t\t\t<\/div>\n\t\t\t\t<\/div>\n\t\t<div class=\"elementor-element elementor-element-20d104c7 e-flex e-con-boxed e-con e-parent\" data-id=\"20d104c7\" data-element_type=\"container\">\n\t\t\t\t\t<div class=\"e-con-inner\">\n\t\t<div class=\"elementor-element elementor-element-44bd7691 e-con-full e-flex e-con e-child\" data-id=\"44bd7691\" data-element_type=\"container\">\n\t\t\t\t<div class=\"elementor-element elementor-element-6068a311 elementor-widget elementor-widget-heading\" data-id=\"6068a311\" data-element_type=\"widget\" data-widget_type=\"heading.default\">\n\t\t\t\t<div class=\"elementor-widget-container\">\n\t\t\t\t\t<h2 class=\"elementor-heading-title elementor-size-default\">Pr\u00e9sentation de la formation<\/h2>\t\t\t\t<\/div>\n\t\t\t\t<\/div>\n\t\t\t\t<\/div>\n\t\t\t\t\t<\/div>\n\t\t\t\t<\/div>\n\t\t<div class=\"elementor-element elementor-element-15c79f3c e-flex e-con-boxed e-con e-parent\" data-id=\"15c79f3c\" data-element_type=\"container\">\n\t\t\t\t\t<div class=\"e-con-inner\">\n\t\t<div class=\"elementor-element elementor-element-6cfed181 e-con-full e-flex e-con e-child\" data-id=\"6cfed181\" data-element_type=\"container\">\n\t\t\t\t<div class=\"elementor-element elementor-element-237c6d77 elementor-widget elementor-widget-text-editor\" data-id=\"237c6d77\" data-element_type=\"widget\" data-widget_type=\"text-editor.default\">\n\t\t\t\t<div class=\"elementor-widget-container\">\n\t\t\t\t\t\t\t\t\t<p>Cette formation en aromath\u00e9rapie, que j\u2019ai sp\u00e9cialement con\u00e7ue, s\u2019adresse \u00e0 tous ceux qui souhaitent d\u00e9couvrir ou approfondir leur connaissance des huiles essentielles. Que vous soyez novice ou d\u00e9j\u00e0 initi\u00e9(e), vous apprendrez \u00e0 utiliser ces extraits naturels de mani\u00e8re s\u00fbre et efficace pour am\u00e9liorer votre bien-\u00eatre et celui de vos proches.<\/p>\t\t\t\t\t\t\t\t<\/div>\n\t\t\t\t<\/div>\n\t\t\t\t<\/div>\n\t\t\t\t\t<\/div>\n\t\t\t\t<\/div>\n\t\t<div class=\"elementor-element elementor-element-15188c39 e-flex e-con-boxed e-con e-parent\" data-id=\"15188c39\" data-element_type=\"container\">\n\t\t\t\t\t<div class=\"e-con-inner\">\n\t\t\t\t<div class=\"elementor-element elementor-element-32514928 elementor-widget-divider--view-line elementor-widget elementor-widget-divider\" data-id=\"32514928\" data-element_type=\"widget\" data-widget_type=\"divider.default\">\n\t\t\t\t<div class=\"elementor-widget-container\">\n\t\t\t\t\t\t\t<div class=\"elementor-divider\">\n\t\t\t<span class=\"elementor-divider-separator\">\n\t\t\t\t\t\t<\/span>\n\t\t<\/div>\n\t\t\t\t\t\t<\/div>\n\t\t\t\t<\/div>\n\t\t\t\t\t<\/div>\n\t\t\t\t<\/div>\n\t\t<div class=\"elementor-element elementor-element-a24e382 e-flex e-con-boxed e-con e-parent\" data-id=\"a24e382\" data-element_type=\"container\">\n\t\t\t\t\t<div class=\"e-con-inner\">\n\t\t<div class=\"elementor-element elementor-element-19e230de e-con-full e-flex e-con e-child\" data-id=\"19e230de\" data-element_type=\"container\">\n\t\t\t\t<div class=\"elementor-element elementor-element-1749d09b elementor-widget elementor-widget-heading\" data-id=\"1749d09b\" data-element_type=\"widget\" data-widget_type=\"heading.default\">\n\t\t\t\t<div class=\"elementor-widget-container\">\n\t\t\t\t\t<h2 class=\"elementor-heading-title elementor-size-default\">\u00c0 qui s\u2019adresse cette formation ?<\/h2>\t\t\t\t<\/div>\n\t\t\t\t<\/div>\n\t\t\t\t<\/div>\n\t\t\t\t\t<\/div>\n\t\t\t\t<\/div>\n\t\t<div class=\"elementor-element elementor-element-1eeaeb08 e-flex e-con-boxed e-con e-parent\" data-id=\"1eeaeb08\" data-element_type=\"container\">\n\t\t\t\t\t<div class=\"e-con-inner\">\n\t\t<div class=\"elementor-element elementor-element-3215bdc e-con-full e-flex e-con e-child\" data-id=\"3215bdc\" data-element_type=\"container\">\n\t\t\t\t<div class=\"elementor-element elementor-element-6dc8ecd3 elementor-widget elementor-widget-text-editor\" data-id=\"6dc8ecd3\" data-element_type=\"widget\" data-widget_type=\"text-editor.default\">\n\t\t\t\t<div class=\"elementor-widget-container\">\n\t\t\t\t\t\t\t\t\t<ul><li>Aux personnes souhaitant int\u00e9grer les huiles essentielles dans leur quotidien.<\/li><li>Aux professionnels du bien-\u00eatre (coachs, th\u00e9rapeutes, esth\u00e9ticien(ne)s, etc.) cherchant \u00e0 enrichir leur pratique.<\/li><li>\u00c0 ceux qui veulent mieux comprendre les bienfaits des plantes et les m\u00e9thodes d\u2019utilisation.<\/li><\/ul>\t\t\t\t\t\t\t\t<\/div>\n\t\t\t\t<\/div>\n\t\t\t\t<\/div>\n\t\t\t\t\t<\/div>\n\t\t\t\t<\/div>\n\t\t<div class=\"elementor-element elementor-element-51c3469c e-flex e-con-boxed e-con e-parent\" data-id=\"51c3469c\" data-element_type=\"container\">\n\t\t\t\t\t<div class=\"e-con-inner\">\n\t\t\t\t<div class=\"elementor-element elementor-element-e745b47 elementor-widget-divider--view-line elementor-widget elementor-widget-divider\" data-id=\"e745b47\" data-element_type=\"widget\" data-widget_type=\"divider.default\">\n\t\t\t\t<div class=\"elementor-widget-container\">\n\t\t\t\t\t\t\t<div class=\"elementor-divider\">\n\t\t\t<span class=\"elementor-divider-separator\">\n\t\t\t\t\t\t<\/span>\n\t\t<\/div>\n\t\t\t\t\t\t<\/div>\n\t\t\t\t<\/div>\n\t\t\t\t\t<\/div>\n\t\t\t\t<\/div>\n\t\t<div class=\"elementor-element elementor-element-3f26c5ad e-flex e-con-boxed e-con e-parent\" data-id=\"3f26c5ad\" data-element_type=\"container\">\n\t\t\t\t\t<div class=\"e-con-inner\">\n\t\t<div class=\"elementor-element elementor-element-1c6a044 e-con-full e-flex e-con e-child\" data-id=\"1c6a044\" data-element_type=\"container\">\n\t\t\t\t<div class=\"elementor-element elementor-element-51803669 elementor-widget elementor-widget-heading\" data-id=\"51803669\" data-element_type=\"widget\" data-widget_type=\"heading.default\">\n\t\t\t\t<div class=\"elementor-widget-container\">\n\t\t\t\t\t<h2 class=\"elementor-heading-title elementor-size-default\">Ce que vous apprendrez :<\/h2>\t\t\t\t<\/div>\n\t\t\t\t<\/div>\n\t\t\t\t<\/div>\n\t\t\t\t\t<\/div>\n\t\t\t\t<\/div>\n\t\t<div class=\"elementor-element elementor-element-3502cd23 e-flex e-con-boxed e-con e-parent\" data-id=\"3502cd23\" data-element_type=\"container\">\n\t\t\t\t\t<div class=\"e-con-inner\">\n\t\t<div class=\"elementor-element elementor-element-79180a54 e-con-full e-flex e-con e-child\" data-id=\"79180a54\" data-element_type=\"container\">\n\t\t\t\t<div class=\"elementor-element elementor-element-42cde3a1 elementor-widget elementor-widget-text-editor\" data-id=\"42cde3a1\" data-element_type=\"widget\" data-widget_type=\"text-editor.default\">\n\t\t\t\t<div class=\"elementor-widget-container\">\n\t\t\t\t\t\t\t\t\t<p><strong>Au cours de cette formation, vous d\u00e9couvrirez :<\/strong><\/p><ol><li><strong>Les bases de l\u2019aromath\u00e9rapie<\/strong> : qu\u2019est-ce qu\u2019une huile essentielle, comment les choisir, et leurs pr\u00e9cautions d\u2019utilisation.<\/li><li><strong>Les propri\u00e9t\u00e9s des huiles essentielles<\/strong> : les huiles majeures et leurs bienfaits sur le corps et l\u2019esprit.<\/li><li><strong>Les m\u00e9thodes d\u2019utilisation<\/strong> : diffusion, application cutan\u00e9e, inhalation, et cr\u00e9ations de synergies personnalis\u00e9es.<\/li><li><strong>Une approche s\u00e9curis\u00e9e<\/strong> : comment utiliser les huiles essentielles pour vous et votre entourage en toute confiance.<\/li><\/ol><div>\u00a0<\/div><p><span style=\"text-decoration: underline;\"><strong>Sommaire de la formation<\/strong><\/span> :\u00a0<br \/>Origines et histoire<br \/>Les familles botaniques<br \/>Les principes d&rsquo;extraction<br \/>Les mol\u00e9cules<br \/>Indications sur le flacon<br \/>Propri\u00e9t\u00e9s des Huiles Essentielles<br \/>Conseiller les Huiles essentielles<br \/>Utiliser les Huiles essentielles en toute s\u00e9curit\u00e9<\/p><div>\u00a0<\/div>\t\t\t\t\t\t\t\t<\/div>\n\t\t\t\t<\/div>\n\t\t\t\t<\/div>\n\t\t\t\t\t<\/div>\n\t\t\t\t<\/div>\n\t\t<div class=\"elementor-element elementor-element-27049f65 e-flex e-con-boxed e-con e-parent\" data-id=\"27049f65\" data-element_type=\"container\">\n\t\t\t\t\t<div class=\"e-con-inner\">\n\t\t\t\t<div class=\"elementor-element elementor-element-4f44fb16 elementor-widget-divider--view-line elementor-widget elementor-widget-divider\" data-id=\"4f44fb16\" data-element_type=\"widget\" data-widget_type=\"divider.default\">\n\t\t\t\t<div class=\"elementor-widget-container\">\n\t\t\t\t\t\t\t<div class=\"elementor-divider\">\n\t\t\t<span class=\"elementor-divider-separator\">\n\t\t\t\t\t\t<\/span>\n\t\t<\/div>\n\t\t\t\t\t\t<\/div>\n\t\t\t\t<\/div>\n\t\t\t\t\t<\/div>\n\t\t\t\t<\/div>\n\t\t<div class=\"elementor-element elementor-element-285b0f02 e-flex e-con-boxed e-con e-parent\" data-id=\"285b0f02\" data-element_type=\"container\">\n\t\t\t\t\t<div class=\"e-con-inner\">\n\t\t<div class=\"elementor-element elementor-element-37a35493 e-con-full e-flex e-con e-child\" data-id=\"37a35493\" data-element_type=\"container\">\n\t\t\t\t<div class=\"elementor-element elementor-element-78a3b6b9 elementor-widget elementor-widget-heading\" data-id=\"78a3b6b9\" data-element_type=\"widget\" data-widget_type=\"heading.default\">\n\t\t\t\t<div class=\"elementor-widget-container\">\n\t\t\t\t\t<h2 class=\"elementor-heading-title elementor-size-default\"> Les points forts de cette formation<\/h2>\t\t\t\t<\/div>\n\t\t\t\t<\/div>\n\t\t\t\t<\/div>\n\t\t\t\t\t<\/div>\n\t\t\t\t<\/div>\n\t\t<div class=\"elementor-element elementor-element-516813d7 e-flex e-con-boxed e-con e-parent\" data-id=\"516813d7\" data-element_type=\"container\">\n\t\t\t\t\t<div class=\"e-con-inner\">\n\t\t<div class=\"elementor-element elementor-element-6a07f5b8 e-con-full e-flex e-con e-child\" data-id=\"6a07f5b8\" data-element_type=\"container\">\n\t\t\t\t<div class=\"elementor-element elementor-element-1d078963 elementor-widget elementor-widget-text-editor\" data-id=\"1d078963\" data-element_type=\"widget\" data-widget_type=\"text-editor.default\">\n\t\t\t\t<div class=\"elementor-widget-container\">\n\t\t\t\t\t\t\t\t\t<p><strong>Accessible \u00e0 tous<\/strong> : Aucun pr\u00e9requis n\u00e9cessaire, tout est expliqu\u00e9 pas \u00e0 pas.<\/p><p><strong>Formation en e-learning : flexible et accessible<\/strong><\/p><ul><li><strong>\u00c0 votre rythme<\/strong> : Apprenez o\u00f9 vous voulez et quand vous voulez, sans contrainte de planning.<\/li><li><strong>Accessible partout<\/strong> : Que vous soyez chez vous, en voyage ou au bureau, la formation est toujours \u00e0 port\u00e9e de main gr\u00e2ce \u00e0 une plateforme intuitive.<\/li><li><strong>Contenu disponible \u00e0 vie<\/strong> : R\u00e9visez les modules autant de fois que n\u00e9cessaire.<\/li><li><strong>4 flacons d&rsquo;huiles essentielles OFFERTS<\/strong><\/li><\/ul><div><strong>Certificat de participation<\/strong> : \u00c0 la fin, vous recevez une attestation.<\/div>\t\t\t\t\t\t\t\t<\/div>\n\t\t\t\t<\/div>\n\t\t\t\t<\/div>\n\t\t\t\t\t<\/div>\n\t\t\t\t<\/div>\n\t\t<div class=\"elementor-element elementor-element-33095151 e-flex e-con-boxed e-con e-parent\" data-id=\"33095151\" data-element_type=\"container\">\n\t\t\t\t\t<div class=\"e-con-inner\">\n\t\t\t\t<div class=\"elementor-element elementor-element-682713ac elementor-widget-divider--view-line elementor-widget elementor-widget-divider\" data-id=\"682713ac\" data-element_type=\"widget\" data-widget_type=\"divider.default\">\n\t\t\t\t<div class=\"elementor-widget-container\">\n\t\t\t\t\t\t\t<div class=\"elementor-divider\">\n\t\t\t<span class=\"elementor-divider-separator\">\n\t\t\t\t\t\t<\/span>\n\t\t<\/div>\n\t\t\t\t\t\t<\/div>\n\t\t\t\t<\/div>\n\t\t\t\t\t<\/div>\n\t\t\t\t<\/div>\n\t\t<div class=\"elementor-element elementor-element-27e2818 e-flex e-con-boxed e-con e-parent\" data-id=\"27e2818\" data-element_type=\"container\">\n\t\t\t\t\t<div class=\"e-con-inner\">\n\t\t\t\t<div class=\"elementor-element elementor-element-477561c elementor-widget elementor-widget-heading\" data-id=\"477561c\" data-element_type=\"widget\" data-widget_type=\"heading.default\">\n\t\t\t\t<div class=\"elementor-widget-container\">\n\t\t\t\t\t<h2 class=\"elementor-heading-title elementor-size-default\"><a href=\"http:\/\/rfi%20\">Tarif et inscription<\/a><\/h2>\t\t\t\t<\/div>\n\t\t\t\t<\/div>\n\t\t\t\t\t<\/div>\n\t\t\t\t<\/div>\n\t\t<div class=\"elementor-element elementor-element-44c8550 e-flex e-con-boxed e-con e-parent\" data-id=\"44c8550\" data-element_type=\"container\">\n\t\t\t\t\t<div class=\"e-con-inner\">\n\t\t<div class=\"elementor-element elementor-element-9e5e127 e-con-full e-flex e-con e-child\" data-id=\"9e5e127\" data-element_type=\"container\">\n\t\t<div class=\"elementor-element elementor-element-fd41d71 e-con-full e-flex e-con e-child\" data-id=\"fd41d71\" data-element_type=\"container\">\n\t\t\t\t<div class=\"elementor-element elementor-element-4758ac5 elementor-widget elementor-widget-text-editor\" data-id=\"4758ac5\" data-element_type=\"widget\" data-widget_type=\"text-editor.default\">\n\t\t\t\t<div class=\"elementor-widget-container\">\n\t\t\t\t\t\t\t\t\t<p>Pr\u00e9cise le prix de la formation et ce qu\u2019il inclut :<\/p><ul><li><em>\u00ab\u00a0Cette formation est disponible pour <b>449\u20ac TTC<\/b>, incluant l\u2019acc\u00e8s \u00e0 tous les supports p\u00e9dagogiques, le kit d&rsquo;huiles essentielles et le certificat final.\u00a0\u00bb<\/em><\/li><li>Elle est vous propos\u00e9e actuellement au tarif exceptionnel de <b>199 euros TTC (149 euros TTC sans kit huiles essentielles)<\/b><\/li><\/ul><p>\ud83d\udc49 <strong>\u00ab\u00a0<\/strong><a href=\"https:\/\/ff06-contact.systeme.io\/formationaromatherapie\" target=\"_blank\" rel=\"noopener\">Inscrivez-vous<\/a><strong>\u00a0d\u00e8s aujourd\u2019hui et commencez votre voyage en aromath\u00e9rapie\u202f!\u00a0\u00bb<\/strong><\/p>\t\t\t\t\t\t\t\t<\/div>\n\t\t\t\t<\/div>\n\t\t\t\t<\/div>\n\t\t\t\t<\/div>\n\t\t\t\t\t<\/div>\n\t\t\t\t<\/div>\n\t\t<div class=\"elementor-element elementor-element-13b2dd8 e-flex e-con-boxed e-con e-parent\" data-id=\"13b2dd8\" data-element_type=\"container\">\n\t\t\t\t\t<div class=\"e-con-inner\">\n\t\t\t\t<div class=\"elementor-element elementor-element-edf5bde elementor-widget-divider--view-line elementor-widget elementor-widget-divider\" data-id=\"edf5bde\" data-element_type=\"widget\" data-widget_type=\"divider.default\">\n\t\t\t\t<div class=\"elementor-widget-container\">\n\t\t\t\t\t\t\t<div class=\"elementor-divider\">\n\t\t\t<span class=\"elementor-divider-separator\">\n\t\t\t\t\t\t<\/span>\n\t\t<\/div>\n\t\t\t\t\t\t<\/div>\n\t\t\t\t<\/div>\n\t\t\t\t\t<\/div>\n\t\t\t\t<\/div>\n\t\t<div class=\"elementor-element elementor-element-9793e62 e-flex e-con-boxed e-con e-parent\" data-id=\"9793e62\" data-element_type=\"container\" data-settings=\"{&quot;background_background&quot;:&quot;gradient&quot;}\">\n\t\t\t\t\t<div class=\"e-con-inner\">\n\t\t<div class=\"elementor-element elementor-element-18769d7 e-con-full e-flex e-con e-child\" data-id=\"18769d7\" data-element_type=\"container\">\n\t\t<div class=\"elementor-element elementor-element-9191643 e-con-full e-flex e-con e-child\" data-id=\"9191643\" data-element_type=\"container\">\n\t\t\t\t<div class=\"elementor-element elementor-element-7a14cb7 elementor-widget elementor-widget-text-editor\" data-id=\"7a14cb7\" data-element_type=\"widget\" data-widget_type=\"text-editor.default\">\n\t\t\t\t<div class=\"elementor-widget-container\">\n\t\t\t\t\t\t\t\t\t<p><img decoding=\"async\" class=\"alignnone size-medium wp-image-27\" src=\"https:\/\/aesaromatherapie.fr\/wp-content\/uploads\/2024\/11\/SeedtoSeal_Logo_Black_2021-274x300.png\" alt=\"\" width=\"274\" height=\"300\" srcset=\"https:\/\/aesaromatherapie.fr\/wp-content\/uploads\/2024\/11\/SeedtoSeal_Logo_Black_2021-274x300.png 274w, https:\/\/aesaromatherapie.fr\/wp-content\/uploads\/2024\/11\/SeedtoSeal_Logo_Black_2021-937x1024.png 937w, https:\/\/aesaromatherapie.fr\/wp-content\/uploads\/2024\/11\/SeedtoSeal_Logo_Black_2021-768x840.png 768w, https:\/\/aesaromatherapie.fr\/wp-content\/uploads\/2024\/11\/SeedtoSeal_Logo_Black_2021-1405x1536.png 1405w, https:\/\/aesaromatherapie.fr\/wp-content\/uploads\/2024\/11\/SeedtoSeal_Logo_Black_2021.png 1618w\" sizes=\"(max-width: 274px) 100vw, 274px\" \/><\/p>\t\t\t\t\t\t\t\t<\/div>\n\t\t\t\t<\/div>\n\t\t\t\t<\/div>\n\t\t\t\t<\/div>\n\t\t<div class=\"elementor-element elementor-element-d72ab6b e-con-full e-flex e-con e-child\" data-id=\"d72ab6b\" data-element_type=\"container\">\n\t\t<div class=\"elementor-element elementor-element-47633bd e-con-full e-flex e-con e-child\" data-id=\"47633bd\" data-element_type=\"container\">\n\t\t\t\t<div class=\"elementor-element elementor-element-f680f4c elementor-widget elementor-widget-text-editor\" data-id=\"f680f4c\" data-element_type=\"widget\" data-widget_type=\"text-editor.default\">\n\t\t\t\t<div class=\"elementor-widget-container\">\n\t\t\t\t\t\t\t\t\t<h4>\u00a0<\/h4><h4>Les odeurs comme les sons musicaux, sont de rares sublimateurs de l&rsquo;essence de la m\u00e9moire<\/h4><h6>\u00a0<\/h6><h4><em>Georges du Maurier<\/em><\/h4>\t\t\t\t\t\t\t\t<\/div>\n\t\t\t\t<\/div>\n\t\t\t\t<\/div>\n\t\t\t\t<\/div>\n\t\t<div class=\"elementor-element elementor-element-2bb6dd3 e-con-full e-flex e-con e-child\" data-id=\"2bb6dd3\" data-element_type=\"container\">\n\t\t<div class=\"elementor-element elementor-element-1b427d8 e-con-full e-flex e-con e-child\" data-id=\"1b427d8\" data-element_type=\"container\">\n\t\t\t\t<div class=\"elementor-element elementor-element-1165764 elementor-widget elementor-widget-text-editor\" data-id=\"1165764\" data-element_type=\"widget\" data-widget_type=\"text-editor.default\">\n\t\t\t\t<div class=\"elementor-widget-container\">\n\t\t\t\t\t\t\t\t\t<p><span style=\"text-decoration: underline;\"><strong>Pour me contacter<\/strong><\/span> :\u00a0<\/p><p><span style=\"text-decoration: underline;\">Whatsapp<\/span> : +33 6 49 37 70 83<\/p><p><span style=\"text-decoration: underline;\">Mail<\/span> : contact@aesaromatherapie.fr<\/p>\t\t\t\t\t\t\t\t<\/div>\n\t\t\t\t<\/div>\n\t\t\t\t<\/div>\n\t\t\t\t<\/div>\n\t\t\t\t\t<\/div>\n\t\t\t\t<\/div>\n\t\t\t\t<\/div>\n\t\t","protected":false},"excerpt":{"rendered":"<p>Plongez dans le monde fascinant de l\u2019aromath\u00e9rapie et d\u00e9couvrez comment utiliser les huiles essentielles pour transformer votre bien-\u00eatre Pr\u00e9sentation de [&hellip;]<\/p>\n","protected":false},"author":1,"featured_media":0,"parent":0,"menu_order":0,"comment_status":"closed","ping_status":"closed","template":"","meta":{"site-sidebar-layout":"no-sidebar","site-content-layout":"","ast-site-content-layout":"full-width-container","site-content-style":"default","site-sidebar-style":"default","ast-global-header-display":"","ast-banner-title-visibility":"","ast-main-header-display":"","ast-hfb-above-header-display":"","ast-hfb-below-header-display":"","ast-hfb-mobile-header-display":"","site-post-title":"disabled","ast-breadcrumbs-content":"","ast-featured-img":"disabled","footer-sml-layout":"","theme-transparent-header-meta":"","adv-header-id-meta":"","stick-header-meta":"","header-above-stick-meta":"","header-main-stick-meta":"","header-below-stick-meta":"","astra-migrate-meta-layouts":"default","ast-page-background-enabled":"default","ast-page-background-meta":{"desktop":{"background-color":"var(--ast-global-color-4)","background-image":"","background-repeat":"repeat","background-position":"center center","background-size":"auto","background-attachment":"scroll","background-type":"","background-media":"","overlay-type":"","overlay-color":"","overlay-opacity":"","overlay-gradient":""},"tablet":{"background-color":"","background-image":"","background-repeat":"repeat","background-position":"center center","background-size":"auto","background-attachment":"scroll","background-type":"","background-media":"","overlay-type":"","overlay-color":"","overlay-opacity":"","overlay-gradient":""},"mobile":{"background-color":"","background-image":"","background-repeat":"repeat","background-position":"center center","background-size":"auto","background-attachment":"scroll","background-type":"","background-media":"","overlay-type":"","overlay-color":"","overlay-opacity":"","overlay-gradient":""}},"ast-content-background-meta":{"desktop":{"background-color":"var(--ast-global-color-5)","background-image":"","background-repeat":"repeat","background-position":"center center","background-size":"auto","background-attachment":"scroll","background-type":"","background-media":"","overlay-type":"","overlay-color":"","overlay-opacity":"","overlay-gradient":""},"tablet":{"background-color":"var(--ast-global-color-5)","background-image":"","background-repeat":"repeat","background-position":"center center","background-size":"auto","background-attachment":"scroll","background-type":"","background-media":"","overlay-type":"","overlay-color":"","overlay-opacity":"","overlay-gradient":""},"mobile":{"background-color":"var(--ast-global-color-5)","background-image":"","background-repeat":"repeat","background-position":"center center","background-size":"auto","background-attachment":"scroll","background-type":"","background-media":"","overlay-type":"","overlay-color":"","overlay-opacity":"","overlay-gradient":""}},"footnotes":""},"class_list":["post-28","page","type-page","status-publish","hentry"],"_links":{"self":[{"href":"https:\/\/aesaromatherapie.fr\/index.php?rest_route=\/wp\/v2\/pages\/28","targetHints":{"allow":["GET"]}}],"collection":[{"href":"https:\/\/aesaromatherapie.fr\/index.php?rest_route=\/wp\/v2\/pages"}],"about":[{"href":"https:\/\/aesaromatherapie.fr\/index.php?rest_route=\/wp\/v2\/types\/page"}],"author":[{"embeddable":true,"href":"https:\/\/aesaromatherapie.fr\/index.php?rest_route=\/wp\/v2\/users\/1"}],"replies":[{"embeddable":true,"href":"https:\/\/aesaromatherapie.fr\/index.php?rest_route=%2Fwp%2Fv2%2Fcomments&post=28"}],"version-history":[{"count":59,"href":"https:\/\/aesaromatherapie.fr\/index.php?rest_route=\/wp\/v2\/pages\/28\/revisions"}],"predecessor-version":[{"id":398,"href":"https:\/\/aesaromatherapie.fr\/index.php?rest_route=\/wp\/v2\/pages\/28\/revisions\/398"}],"wp:attachment":[{"href":"https:\/\/aesaromatherapie.fr\/index.php?rest_route=%2Fwp%2Fv2%2Fmedia&parent=28"}],"curies":[{"name":"wp","href":"https:\/\/api.w.org\/{rel}","templated":true}]}}